{"id":236,"date":"2015-03-17T21:25:07","date_gmt":"2015-03-17T21:25:07","guid":{"rendered":"http:\/\/blogs.oregonstate.edu\/thecnidaegritty\/?page_id=236"},"modified":"2015-09-10T00:23:26","modified_gmt":"2015-09-10T00:23:26","slug":"atlas","status":"publish","type":"page","link":"https:\/\/dev.blogs.oregonstate.edu\/thecnidaegrittyes\/atlas\/","title":{"rendered":"Atlas"},"content":{"rendered":"<div class=\"googlemaps\">\n\t\t\t\t<iframe loading=\"lazy\" width=\"700\" height=\"500\" frameborder=\"0\" scrolling=\"no\" marginheight=\"0\" marginwidth=\"0\"  src=\"https:\/\/www.google.com\/maps\/d\/embed?mid=zVSfSGQgIAIk.kQPhes-7HD8E\"><\/iframe>\n\t\t\t<\/div>\n<p><strong>Lugares de muestreo<\/strong>. Estrellas rojas: Laboratorios de origen. Diamantes amarillos: Arrecifes muestreados.&nbsp;Diamantes verdes: Instituciones de acogida. C\u00edrculos azules: lugares mencionados en el blog. Cuadrados grises: Sitios futuros.<\/p>\n<p>Tambi\u00e9n he creado un mapa interactivo con la ubicaci\u00f3n de cada muestra y arrecife, que se puede encontrar en nuestra,&nbsp;<a href=\"http:\/\/oregonstate.edu\/microbiology\/vegathurberlab\/global-coral-microbiome-project\" target=\"_blank\">p\u00e1gina web del laboratorio<\/a>. Es super ch\u00e9vere. Las restricciones actuales del sistema OSU WordPress parecen no me permite encastrar directamente en esta p\u00e1gina.<\/p>\n","protected":false},"excerpt":{"rendered":"<p>Lugares de muestreo. Estrellas rojas: Laboratorios de origen. Diamantes amarillos: Arrecifes muestreados.&nbsp;Diamantes verdes: Instituciones de acogida. C\u00edrculos azules: lugares mencionados en el blog. Cuadrados grises: Sitios futuros. Tambi\u00e9n he creado un mapa interactivo con la ubicaci\u00f3n de cada muestra y &hellip; <a href=\"https:\/\/dev.blogs.oregonstate.edu\/thecnidaegrittyes\/atlas\/\">Continue reading <span class=\"meta-nav\">&rarr;<\/span><\/a><\/p>\n","protected":false},"author":5242,"featured_media":0,"parent":0,"menu_order":0,"comment_status":"open","ping_status":"open","template":"","meta":{"jetpack_post_was_ever_published":false,"footnotes":""},"class_list":["post-236","page","type-page","status-publish","hentry"],"jetpack_sharing_enabled":true,"jetpack_shortlink":"https:\/\/wp.me\/P6IfjV-3O","jetpack_likes_enabled":false,"jetpack-related-posts":[],"_links":{"self":[{"href":"https:\/\/dev.blogs.oregonstate.edu\/thecnidaegrittyes\/wp-json\/wp\/v2\/pages\/236","targetHints":{"allow":["GET"]}}],"collection":[{"href":"https:\/\/dev.blogs.oregonstate.edu\/thecnidaegrittyes\/wp-json\/wp\/v2\/pages"}],"about":[{"href":"https:\/\/dev.blogs.oregonstate.edu\/thecnidaegrittyes\/wp-json\/wp\/v2\/types\/page"}],"author":[{"embeddable":true,"href":"https:\/\/dev.blogs.oregonstate.edu\/thecnidaegrittyes\/wp-json\/wp\/v2\/users\/5242"}],"replies":[{"embeddable":true,"href":"https:\/\/dev.blogs.oregonstate.edu\/thecnidaegrittyes\/wp-json\/wp\/v2\/comments?post=236"}],"version-history":[{"count":8,"href":"https:\/\/dev.blogs.oregonstate.edu\/thecnidaegrittyes\/wp-json\/wp\/v2\/pages\/236\/revisions"}],"predecessor-version":[{"id":530,"href":"https:\/\/dev.blogs.oregonstate.edu\/thecnidaegrittyes\/wp-json\/wp\/v2\/pages\/236\/revisions\/530"}],"wp:attachment":[{"href":"https:\/\/dev.blogs.oregonstate.edu\/thecnidaegrittyes\/wp-json\/wp\/v2\/media?parent=236"}],"curies":[{"name":"wp","href":"https:\/\/api.w.org\/{rel}","templated":true}]}}