{"id":369,"date":"2017-08-17T15:43:53","date_gmt":"2017-08-17T23:43:53","guid":{"rendered":"http:\/\/blogs.oregonstate.edu\/paleo\/?page_id=369"},"modified":"2019-06-12T11:01:27","modified_gmt":"2019-06-12T19:01:27","slug":"alumni","status":"publish","type":"page","link":"https:\/\/dev.blogs.oregonstate.edu\/paleo\/alumni\/","title":{"rendered":"Alumni"},"content":{"rendered":"<h3>Alumni (by graduation date):<\/h3>\n<p><strong>2019<\/strong><\/p>\n<p><a href=\"https:\/\/ceoas.oregonstate.edu\/profile\/menking\/\"><strong>James Menking (Andy)<\/strong>\u00a0(PhD, Advisor: Brook)<\/a><br \/>\nIce core stratigraphy, N2O and CO2 reconstructions<br \/>\nPostdoctoral Research Associate (Oregon State University)<\/p>\n<p><a href=\"https:\/\/ceoas.oregonstate.edu\/profile\/du\/\"><strong>Jianghui Du (JD)<\/strong>\u00a0(PhD, Advisor: Mix, Haley)<\/a><br \/>\nPaleoceanography, neodymium isotopes<br \/>\nPostdoctoral Research Associate (Oregon State University)<\/p>\n<p><strong>2018<\/strong><\/p>\n<p><a href=\"http:\/\/paleomag.coas.oregonstate.edu\/brendanreilly\/\"><strong>Brendan Reilly<\/strong>\u00a0(PhD, Advisor: Stoner)<\/a><br \/>\nSediment stratigraphy, paleomagnetism<br \/>\nPostdoctoral Research Associate (Oregon State University)<\/p>\n<p><strong>2017<\/strong><br \/>\n<a href=\"http:\/\/ceoas.oregonstate.edu\/profile\/muglia\/\"><strong>Juan Muglia<\/strong> (PhD, Advisor: Schmittner)<\/a><br \/>\nPaleoclimate modeling<br \/>\nPostdoctoral Research Associate (Oregon State University)<\/p>\n<p><strong>James Lee<\/strong> (PhD, Advisor: Brook)<br \/>\nIce Cores<br \/>\nLos Alamos National Lab<\/p>\n<p><strong>2016<\/strong><\/p>\n<p><a href=\"http:\/\/aaronmbarth.weebly.com\"><strong>Aaron Barth<\/strong><\/a>\u00a0(PhD, Advisor: Clark)<br \/>\nGlacial geology\/geomorphology, stratigraphy, regional geology, cosmogenic surface exposure dating<br \/>\nPostdoctoral Research Associate (University of Wisconsin: Madison)<\/p>\n<p><strong><a href=\"http:\/\/nsbill.weebly.com\">Nicholas Bill<\/a>\u00a0<\/strong>(PhD, Advisor: Clark)<br \/>\nGlacial geology, ice-climate interactions<br \/>\nPostdoctoral Researcher (University of Iceland)<\/p>\n<p><a href=\"http:\/\/jeremyscotthoffman.com\/#home\"><strong>Jeremy Hoffman<\/strong><\/a>\u00a0(PhD, Advisor: Clark)<br \/>\nPaleoclimatology, climate science communication<br \/>\nClimate &amp; Earth Science Specialist (Science Museum of Virginia)<\/p>\n<p><a href=\"http:\/\/www.usma.edu\/gene\/_layouts\/wpFacultyBios\/DisplayBio.aspx?ID=e5b2887f-3db3-4284-a3cf-be24134f4ded&amp;List=1cb4bb65-2b45-4590-8528-ffcc55be6402\"><strong>David Leydet<\/strong> (MS, Advisor: Carson)<\/a><br \/>\nGlacial geology, paleoclimatology, quaternary chronology<br \/>\nInstructor (United States Military Academy: West Point)<\/p>\n<p><a href=\"http:\/\/www.gps.caltech.edu\/content\/andrea-m-balbas\"><strong>Andrea Balbas<\/strong><\/a>\u00a0(PhD, Advisor: Clark)<br \/>\nCosmogenic nuclides, geochemistry, science education<br \/>\nAGEP Postdoctoral Scholar (California Institute of Technology)<\/p>\n<h4>2015<\/h4>\n<p><strong><a href=\"https:\/\/mypassword.mq.edu.au\/directory\/index.php?Anchor=&amp;type=browse&amp;cat=staff&amp;SearchStr=&amp;SearchCat=&amp;ExactMatch=&amp;id=4D3DD7F2-A1E5-11E5-8FE5-4BA15C217A8E\">April Abbott<\/a><\/strong>\u00a0(PhD, Advisor: McManus and Haley)<br \/>\nPalaeoceanography and Marine Sedimentology<br \/>\nLecturer (Acquire University)<\/p>\n<h4>2014<\/h4>\n<p><a href=\"https:\/\/www.summerpraetorius.com\/contact\"><strong>Summer Praetorius<\/strong><\/a>\u00a0(PhD, Advisor: Mix)<br \/>\nHigh-latitude deglaciation. Isotope geochemistry, sedimentology<\/p>\n<p><a href=\"http:\/\/paleomag.coas.oregonstate.edu\/sarahstrano\/\"><strong>Sarah Strano<\/strong><\/a>\u00a0(Advisor: Stoner)<br \/>\nPaleo- and environmental magnetism and Holocene paleoclimate<\/p>\n<p><a href=\"https:\/\/www.ocean.washington.edu\/home\/Matthew%20Wolhowe\"><strong>Matthew Wolhowe<\/strong><\/a>\u00a0(PhD, Advisor: Mix and Prahl)<br \/>\nChemical oceanography<br \/>\nResearch Associate (University of Washington)<\/p>\n<h4>\u00a02013<\/h4>\n<p><a href=\"https:\/\/sites.google.com\/site\/tbauska\/home\"><strong>Thomas Bauska<\/strong><\/a>\u00a0(PhD, Advisor: Brook and Mix)<br \/>\nCO2 concentrations in ice cores, cosmogenic dating, statistical modeling<br \/>\nResearch Assistant (University of Cambridge)<\/p>\n<h4>2011<\/h4>\n<p><strong>Maureen Walczak<\/strong> (PhD, Adivisor: Mix and Stoner)<br \/>\nPaleoclimate, Paleoventilation, and Paleomagnetism as Recorded in a 17kyr Marine Sediment Record from the SE Alaska Margin<br \/>\nPostdoctoral Research Associate (Oregon State University)<\/p>\n<p><strong><a href=\"http:\/\/proglacial.com\/\" target=\"_blank\" rel=\"noopener\">Shaun Marcott<\/a>\u00a0<\/strong>(PhD, Advisor: Clark and Hostetler)<br \/>\nCO2 concentrations in ice cores, Cosmogenic dating, Statistical Modeling<br \/>\nAssistant Professor (University of Wisconsin-Madison)<\/p>\n<p><strong>2010<\/strong><\/p>\n<p><a href=\"https:\/\/www2.bc.edu\/jeremy-shakun\/\"><strong>Jeremy Shakun<\/strong><\/a> (PhD, Advisor: Clark)<br \/>\nPaleoclimatology and paleaoceanography<br \/>\nAssisant Professor (Boston College)<\/p>\n<h4>2009<\/h4>\n<p><a href=\"http:\/\/ceoas.oregonstate.edu\/profile\/muratli\/\"><strong>Jesse Muratli<\/strong><\/a>\u00a0(MS, Advisor: Mix and McManus)<br \/>\nTrace metal and pore water geochemistry<br \/>\nSenior Faculty Research Assistant I (CEOAS, OSU)<\/p>\n<p><strong><a href=\"http:\/\/www.geomar.de\/en\/mitarbeiter\/fb2\/bm\/csomes\/\">Christopher Somes<\/a>\u00a0<\/strong>(MS, Advisor:\u00a0Schmittner)<br \/>\nBiogeochemical modeling<br \/>\nPhD Student (GEOMAR)<\/p>\n<h4>2008<\/h4>\n<p><a href=\"https:\/\/www.pacificclimate.org\/about-pcic\/people\/faron-anslow\"><strong>Faron Anslow<\/strong><\/a> (Advisor: Clark and Hostetler)<br \/>\nClimatology,\u00a0the effects of the Pacific Ocean on the climate of British Columbia<br \/>\nLead: Climate Analysis and Monitoring (Pacific Climate Impacts Consortium, University of Victoria)<\/p>\n<p><strong>Vasilis Ersek<\/strong> (PhD, Advisor: Mix)<\/p>\n<h4>2006<\/h4>\n<p><strong>Anders Carlson<\/strong> (PhD, Advisor: Clark)<\/p>\n<p><strong><a href=\"http:\/\/www.lneg.pt\/colaboradores\/cristina.lopes@lneg.pt\">Cristina Lopes<\/a>\u00a0<\/strong>(PhD, Advisor: Mix)<strong><br \/>\n<\/strong>Paleoclimatology, paleoceanography<br \/>\nResearch Scientist (LNEG, Lisbon, Portugal)<\/p>\n<h4>2005<\/h4>\n<p><a href=\"https:\/\/www.whoi.edu\/hpb\/Site.do?id=4274\"><strong>Heather Benway<\/strong><\/a>\u00a0(PhD, Advisor: Mix)<br \/>\nCarbon and climate change science, environmental geochemistry, science communication<br \/>\nResearch Specialist (Woods Hole Oceanographic Institute)<\/p>\n<h4>2003<\/h4>\n<p><a href=\"https:\/\/www.st-andrews.ac.uk\/~www_sgg\/people\/rinterknecht\/\"><strong>Vincent Rinterknecht<\/strong><\/a>\u00a0(Advisor: Clark)<br \/>\nSurface exposure dating,\u00a0deglaciation pattern of a major ice sheet, ice-climate interactions<br \/>\nLecturer (University of St. Andrews)<\/p>\n<p><strong>Ann Morey Ross<\/strong> (MS, Advisor: Mix)<\/p>\n<p>PhD students and Senior Faculty Research assistant (Oregon State University)<\/p>\n<p><strong>2004<\/strong><br \/>\nBrian Haley (PhD, Advisor: Klinkhammer and Mix)<br \/>\nRare Earth Element proxy for paleoceanographic studies<br \/>\nAssociate Professor (Oregon State University)<\/p>\n<h4>2000<\/h4>\n<p><a href=\"https:\/\/ceps.unh.edu\/faculty\/licciardi\"><strong>Joe Licciardi<\/strong><\/a>\u00a0(Advisor: Clark)<br \/>\nGlacial geology, geomorphology, paleoclimatology, volcanology, geochronology, and mechanisms of climate change<br \/>\nProfessor (University of New Hampshire)<\/p>\n<p><strong>1997<\/strong><\/p>\n<p><strong>David Lund<\/strong> (MS, Advisor: Mix)<\/p>\n<p>Associate Professor (University of Connecticut)<\/p>\n<p><strong>1996<\/strong><\/p>\n<p><strong>Joseph Ortiz<\/strong>\u00a0(PhD, Advisor: Mix)<\/p>\n<p>Professor (Kent State University)<\/p>\n<p><strong><a href=\"https:\/\/dnr.cals.cornell.edu\/people\/james-watkins\">Jim Watkins<\/a>\u00a0<\/strong>(Advisor: Mix)<br \/>\nZooplankton, invasive species, benthic community structure<br \/>\nResearch Associate (Cornell University)<\/p>\n<p><strong>1989<\/strong><\/p>\n<p>Rainer Zahn (Postdoc, Advisor: Mix)<\/p>\n<p>Research Professor (ICREA, Spain)<\/p>\n<h4>Unknown<\/h4>\n<p><a href=\"https:\/\/www.earth.ox.ac.uk\/~vasilee\/\"><strong>Vasile (Lica) Ersek<\/strong><\/a>\u00a0(Advisor: Clark)<br \/>\nPaleoclimatology, Paleoceanography, Geochemistry<br \/>\nMarie Curie Postdoctoral Research Fellow (University of Oxford)<\/p>\n<p><strong><a href=\"http:\/\/igras.ru\/en\/staff\/912\">Alexei Grachev<\/a>\u00a0<\/strong>(Advisor: Brook)<strong><br \/>\n<\/strong>Paleoclimatology, environmental chemistry, reconstruction of the processes in the environment using ice cores and tree rings<br \/>\nSenior Research Scientist (Institute of Geography, Russian Academy of Sciences)<\/p>\n<p><strong><a href=\"https:\/\/sites.google.com\/a\/siuslaw.k12.or.us\/jonathan-hornung\/\">Jon Hornung<\/a>\u00a0<\/strong>(Advisor: Brook)<strong><br \/>\n<\/strong>Science education<br \/>\nScience\/Link Teacher (Siuslaw High School,\u00a0Florence, Oregon)<\/p>\n<p><a href=\"http:\/\/lair.utah.edu\/group\/mitchell.html\"><strong>Logan Mitchell<\/strong><\/a>\u00a0(Advisor: Brook)<br \/>\nHigh temporal resolution Holocene ice core record of methane<br \/>\nPost Doc (University of Utah)<\/p>\n<p><a href=\"http:\/\/julia-rosen.com\"><strong>Julia Rosen<\/strong><\/a>\u00a0(Advisor: Brook)<br \/>\nN2O in ice cores<br \/>\nScience Journalist<\/p>\n<p><a href=\"http:\/\/professeurs.uqam.ca\/professeur?c=roy.martin\"><strong>Martin Roy<\/strong><\/a>\u00a0(Advisor: Clark)<br \/>\nGlacial geology, quaternary stratigraphy, paleoclimatology<br \/>\nProfessor (Universit\u00e9 du Qu\u00e9bec \u00e0 Montr\u00e9al)<\/p>\n<p><strong><a href=\"https:\/\/www.niwa.co.nz\/people\/hinrich-schaefer\">Hinrich Schaefer<\/a>\u00a0<\/strong>(Advisor: Brook)<strong><br \/>\n<\/strong>Ice cores, paleoclimate, atmospheric chemistry<br \/>\nAtmospheric Scientist (NIWA, New Zealand)<\/p>\n<p>&nbsp;<\/p>\n","protected":false},"excerpt":{"rendered":"<p>Alumni (by graduation date): 2019 James Menking (Andy)\u00a0(PhD, Advisor: Brook) Ice core stratigraphy, N2O and CO2 reconstructions Postdoctoral Research Associate (Oregon State University) Jianghui Du (JD)\u00a0(PhD, Advisor: Mix, Haley) Paleoceanography, neodymium isotopes Postdoctoral Research Associate (Oregon State University) 2018 Brendan Reilly\u00a0(PhD, Advisor: Stoner) Sediment stratigraphy, paleomagnetism Postdoctoral Research Associate (Oregon State University) 2017 Juan Muglia&hellip; <a href=\"https:\/\/dev.blogs.oregonstate.edu\/paleo\/alumni\/\">Continue reading <span class=\"meta-nav\">&rarr;<\/span><\/a><\/p>\n","protected":false},"author":8586,"featured_media":0,"parent":0,"menu_order":0,"comment_status":"closed","ping_status":"closed","template":"","meta":{"footnotes":""},"class_list":["post-369","page","type-page","status-publish","hentry"],"_links":{"self":[{"href":"https:\/\/dev.blogs.oregonstate.edu\/paleo\/wp-json\/wp\/v2\/pages\/369","targetHints":{"allow":["GET"]}}],"collection":[{"href":"https:\/\/dev.blogs.oregonstate.edu\/paleo\/wp-json\/wp\/v2\/pages"}],"about":[{"href":"https:\/\/dev.blogs.oregonstate.edu\/paleo\/wp-json\/wp\/v2\/types\/page"}],"author":[{"embeddable":true,"href":"https:\/\/dev.blogs.oregonstate.edu\/paleo\/wp-json\/wp\/v2\/users\/8586"}],"replies":[{"embeddable":true,"href":"https:\/\/dev.blogs.oregonstate.edu\/paleo\/wp-json\/wp\/v2\/comments?post=369"}],"version-history":[{"count":23,"href":"https:\/\/dev.blogs.oregonstate.edu\/paleo\/wp-json\/wp\/v2\/pages\/369\/revisions"}],"predecessor-version":[{"id":522,"href":"https:\/\/dev.blogs.oregonstate.edu\/paleo\/wp-json\/wp\/v2\/pages\/369\/revisions\/522"}],"wp:attachment":[{"href":"https:\/\/dev.blogs.oregonstate.edu\/paleo\/wp-json\/wp\/v2\/media?parent=369"}],"curies":[{"name":"wp","href":"https:\/\/api.w.org\/{rel}","templated":true}]}}